{"id":19113,"date":"2014-10-26T11:06:19","date_gmt":"2014-10-26T03:06:19","guid":{"rendered":"http:\/\/andriandesign.com\/weilingdemo\/?page_id=23"},"modified":"2014-10-26T11:06:19","modified_gmt":"2014-10-26T03:06:19","slug":"artists-2","status":"publish","type":"page","link":"https:\/\/dev08.mm-sb.com\/web04\/artists-2\/","title":{"rendered":"FEATURED ARTISTS"},"content":{"rendered":"<div class='flex_column av-av_one_fourth-2a9015ff38129c418a3f2eafba3e9512 av_one_fourth  avia-builder-el-0  el_before_av_one_fourth  avia-builder-el-first  first flex_column_div '   ><p>\n<style type=\"text\/css\" data-created_by=\"avia_inline_auto\" id=\"style-css-av-av_image-f74c0c75065b467cb27a33e326a4e7b7\">\n.avia-image-container.av-av_image-f74c0c75065b467cb27a33e326a4e7b7 .av-image-caption-overlay-center{\ncolor:#ffffff;\n}\n<\/style>\n<div  class='avia-image-container av-av_image-f74c0c75065b467cb27a33e326a4e7b7 av-styling- avia-align-center  avia-builder-el-1  el_before_av_textblock  avia-builder-el-first  '  itemprop=\"image\" itemscope=\"itemscope\" itemtype=\"https:\/\/schema.org\/ImageObject\" ><div class=\"avia-image-container-inner\"><div class=\"avia-image-overlay-wrap\"><img decoding=\"async\" class='wp-image- avia-img-lazy-loading-not- avia_image' src=\"http:\/\/weiling-gallery.com\/contemporary\/wp-content\/uploads\/2018\/03\/AO\u00a6\u00ea_2018_The-Missing-T_Still-8-180x180.jpg\" alt='' title=''   itemprop=\"thumbnailUrl\"  \/><\/div><\/div><\/div><br \/>\n<section class=\"av_textblock_section \"  itemscope=\"itemscope\" itemtype=\"https:\/\/schema.org\/CreativeWork\" ><div class='avia_textblock  '   itemprop=\"text\" ><p><a title=\"Seen |3 May \u2013 1 July 2018 \u2013 Works\" href=\"http:\/\/weiling-gallery.com\/contemporary\/?p=14033\">Ahmet \u00d6\u011f\u00fct<\/a><\/p>\n<\/div><\/section><\/p><\/div><div class='flex_column av-av_one_fourth-61f1f3fb8a14755dafdb04b8bcedc67a av_one_fourth  avia-builder-el-3  el_after_av_one_fourth  el_before_av_one_fourth  flex_column_div '   ><p>\n<style type=\"text\/css\" data-created_by=\"avia_inline_auto\" id=\"style-css-av-av_image-c3136e5fc9b846785495ee3363ee5fad\">\n.avia-image-container.av-av_image-c3136e5fc9b846785495ee3363ee5fad .av-image-caption-overlay-center{\ncolor:#ffffff;\n}\n<\/style>\n<div  class='avia-image-container av-av_image-c3136e5fc9b846785495ee3363ee5fad av-styling- avia-align-center  avia-builder-el-4  el_before_av_textblock  avia-builder-el-first  '  itemprop=\"image\" itemscope=\"itemscope\" itemtype=\"https:\/\/schema.org\/ImageObject\" ><div class=\"avia-image-container-inner\"><div class=\"avia-image-overlay-wrap\"><img decoding=\"async\" class='wp-image- avia-img-lazy-loading-not- avia_image' src=\"http:\/\/weiling-gallery.com\/contemporary\/wp-content\/uploads\/2019\/05\/07-CoconutRoad-150cmX100cm-180x180.jpg\" alt='' title=''   itemprop=\"thumbnailUrl\"  \/><\/div><\/div><\/div><br \/>\n<section class=\"av_textblock_section \"  itemscope=\"itemscope\" itemtype=\"https:\/\/schema.org\/CreativeWork\" ><div class='avia_textblock  '   itemprop=\"text\" ><p><a title=\"The Buddhist Bug: A Creation Mythology \u2013 Anida Yoeu Ali | 19 June \u2013 18 August 2019 \u2013 Works\" href=\"http:\/\/weiling-gallery.com\/gallery\/?p=14486\">Anida Yoeu Ali<\/a><\/p>\n<\/div><\/section><\/p><\/div><\/p>\n<div class='flex_column av-av_one_fourth-61f1f3fb8a14755dafdb04b8bcedc67a av_one_fourth  avia-builder-el-6  el_after_av_one_fourth  el_before_av_one_fourth  flex_column_div '   ><p>\n<style type=\"text\/css\" data-created_by=\"avia_inline_auto\" id=\"style-css-av-av_image-35adc3d02bcc2f99ac20dbac03c28d18\">\n.avia-image-container.av-av_image-35adc3d02bcc2f99ac20dbac03c28d18 .av-image-caption-overlay-center{\ncolor:#ffffff;\n}\n<\/style>\n<div  class='avia-image-container av-av_image-35adc3d02bcc2f99ac20dbac03c28d18 av-styling- avia-align-center  avia-builder-el-7  el_before_av_textblock  avia-builder-el-first  '  itemprop=\"image\" itemscope=\"itemscope\" itemtype=\"https:\/\/schema.org\/ImageObject\" ><div class=\"avia-image-container-inner\"><div class=\"avia-image-overlay-wrap\"><img decoding=\"async\" class='wp-image- avia-img-lazy-loading-not- avia_image' src=\"http:\/\/weiling-gallery.com\/contemporary\/wp-content\/uploads\/2018\/06\/Anurendra-Jegadeva-JemputanMixed-media-on-paperm-150cm-x-150cm-2018-180x180.jpg\" alt='' title=''   itemprop=\"thumbnailUrl\"  \/><\/div><\/div><\/div><br \/>\n<section class=\"av_textblock_section \"  itemscope=\"itemscope\" itemtype=\"https:\/\/schema.org\/CreativeWork\" ><div class='avia_textblock  '   itemprop=\"text\" ><p><a title=\"Anurendra Jegadeva \u2013 Overview\" href=\"http:\/\/weiling-gallery.com\/gallery\/?p=1051\">Anurendra Jegadeva<\/a><\/p>\n<\/div><\/section><\/p><\/div>\n<div class='flex_column av-av_one_fourth-61f1f3fb8a14755dafdb04b8bcedc67a av_one_fourth  avia-builder-el-9  el_after_av_one_fourth  el_before_av_one_fourth  flex_column_div '   ><p>\n<style type=\"text\/css\" data-created_by=\"avia_inline_auto\" id=\"style-css-av-av_image-fdec687b28ad91f70a33153f9c349e7a\">\n.avia-image-container.av-av_image-fdec687b28ad91f70a33153f9c349e7a .av-image-caption-overlay-center{\ncolor:#ffffff;\n}\n<\/style>\n<div  class='avia-image-container av-av_image-fdec687b28ad91f70a33153f9c349e7a av-styling- avia-align-center  avia-builder-el-10  el_before_av_textblock  avia-builder-el-first  '  itemprop=\"image\" itemscope=\"itemscope\" itemtype=\"https:\/\/schema.org\/ImageObject\" ><div class=\"avia-image-container-inner\"><div class=\"avia-image-overlay-wrap\"><img decoding=\"async\" class='wp-image-5727 avia-img-lazy-loading-not-5727 avia_image' src=\"https:\/\/dev08.mm-sb.com\/web04\/wp-content\/uploads\/2015\/08\/asean5-5-180x180.jpg\" alt='' title='Boundary Fluidity (Still image from video_01)'  height=\"180\" width=\"180\"  itemprop=\"thumbnailUrl\" srcset=\"https:\/\/dev08.mm-sb.com\/web04\/wp-content\/uploads\/2015\/08\/asean5-5-180x180.jpg 180w, https:\/\/dev08.mm-sb.com\/web04\/wp-content\/uploads\/2015\/08\/asean5-5-80x80.jpg 80w, https:\/\/dev08.mm-sb.com\/web04\/wp-content\/uploads\/2015\/08\/asean5-5-36x36.jpg 36w\" sizes=\"(max-width: 180px) 100vw, 180px\" \/><\/div><\/div><\/div><br \/>\n<section class=\"av_textblock_section \"  itemscope=\"itemscope\" itemtype=\"https:\/\/schema.org\/CreativeWork\" ><div class='avia_textblock  '   itemprop=\"text\" ><p><a title=\"Chong Kim Chiew \u2013 Overview\" href=\"http:\/\/weiling-gallery.com\/contemporary\/artists\/chong-kim-chiew-overview\/\">Chong Kim Chiew<\/a><\/p>\n<\/div><\/section><\/p><\/div>\n<div class='flex_column av-av_one_fourth-2a9015ff38129c418a3f2eafba3e9512 av_one_fourth  avia-builder-el-12  el_after_av_one_fourth  el_before_av_one_fourth  first flex_column_div column-top-margin'   ><p>\n<style type=\"text\/css\" data-created_by=\"avia_inline_auto\" id=\"style-css-av-av_image-54470d19903a6ba4044501e24511b2aa\">\n.avia-image-container.av-av_image-54470d19903a6ba4044501e24511b2aa .av-image-caption-overlay-center{\ncolor:#ffffff;\n}\n<\/style>\n<div  class='avia-image-container av-av_image-54470d19903a6ba4044501e24511b2aa av-styling- avia-align-center  avia-builder-el-13  el_before_av_textblock  avia-builder-el-first  '  itemprop=\"image\" itemscope=\"itemscope\" itemtype=\"https:\/\/schema.org\/ImageObject\" ><div class=\"avia-image-container-inner\"><div class=\"avia-image-overlay-wrap\"><img decoding=\"async\" class='wp-image- avia-img-lazy-loading-not- avia_image' src=\"http:\/\/weiling-gallery.com\/contemporary\/wp-content\/uploads\/2018\/01\/Choy-Chun-Wei-Functional-Identity-Until-Stock-LastMixed-media-on-wood-panels122cm-x-122cm-x-7cm-Diptych2017-180x180.jpg\" alt='' title=''   itemprop=\"thumbnailUrl\"  \/><\/div><\/div><\/div><br \/>\n<section class=\"av_textblock_section \"  itemscope=\"itemscope\" itemtype=\"https:\/\/schema.org\/CreativeWork\" ><div class='avia_textblock  '   itemprop=\"text\" ><p><a title=\"Choy Chun Wei \u2013 Overview\" href=\"http:\/\/weiling-gallery.com\/gallery\/?p=1305\">Choy Chun Wei<\/a><\/p>\n<\/div><\/section><\/p><\/div>\n<div class='flex_column av-av_one_fourth-61f1f3fb8a14755dafdb04b8bcedc67a av_one_fourth  avia-builder-el-15  el_after_av_one_fourth  el_before_av_one_fourth  flex_column_div column-top-margin'   ><p>\n<style type=\"text\/css\" data-created_by=\"avia_inline_auto\" id=\"style-css-av-av_image-e2d8994b0847254b32d5aa5abb6d4112\">\n.avia-image-container.av-av_image-e2d8994b0847254b32d5aa5abb6d4112 .av-image-caption-overlay-center{\ncolor:#ffffff;\n}\n<\/style>\n<div  class='avia-image-container av-av_image-e2d8994b0847254b32d5aa5abb6d4112 av-styling- avia-align-center  avia-builder-el-16  el_before_av_textblock  avia-builder-el-first  '  itemprop=\"image\" itemscope=\"itemscope\" itemtype=\"https:\/\/schema.org\/ImageObject\" ><div class=\"avia-image-container-inner\"><div class=\"avia-image-overlay-wrap\"><img decoding=\"async\" class='wp-image- avia-img-lazy-loading-not- avia_image' src=\"http:\/\/weiling-gallery.com\/contemporary\/wp-content\/uploads\/2018\/09\/8SE0098-180x180.jpg\" alt='' title=''   itemprop=\"thumbnailUrl\"  \/><\/div><\/div><\/div><br \/>\n<section class=\"av_textblock_section \"  itemscope=\"itemscope\" itemtype=\"https:\/\/schema.org\/CreativeWork\" ><div class='avia_textblock  '   itemprop=\"text\" ><p><a title=\"M I S S I N G \u2013 Dadang Christanto|6 September \u2013 4 November 2018 \u2013 Works\" href=\"http:\/\/weiling-gallery.com\/gallery\/?p=14455\">Dadang Christanto<\/a><\/p>\n<\/div><\/section><\/p><\/div>\n<div class='flex_column av-av_one_fourth-61f1f3fb8a14755dafdb04b8bcedc67a av_one_fourth  avia-builder-el-18  el_after_av_one_fourth  el_before_av_one_fourth  flex_column_div column-top-margin'   ><p>\n<style type=\"text\/css\" data-created_by=\"avia_inline_auto\" id=\"style-css-av-av_image-181a22b9d65a84fb9b9a09138f374c4b\">\n.avia-image-container.av-av_image-181a22b9d65a84fb9b9a09138f374c4b .av-image-caption-overlay-center{\ncolor:#ffffff;\n}\n<\/style>\n<div  class='avia-image-container av-av_image-181a22b9d65a84fb9b9a09138f374c4b av-styling- avia-align-center  avia-builder-el-19  el_before_av_textblock  avia-builder-el-first  '  itemprop=\"image\" itemscope=\"itemscope\" itemtype=\"https:\/\/schema.org\/ImageObject\" ><div class=\"avia-image-container-inner\"><div class=\"avia-image-overlay-wrap\"><img decoding=\"async\" class='wp-image- avia-img-lazy-loading-not- avia_image' src=\"http:\/\/weiling-gallery.com\/contemporary\/wp-content\/uploads\/2018\/03\/039_Stranger-Visions1-180x180.jpg\" alt='' title=''   itemprop=\"thumbnailUrl\"  \/><\/div><\/div><\/div><br \/>\n<section class=\"av_textblock_section \"  itemscope=\"itemscope\" itemtype=\"https:\/\/schema.org\/CreativeWork\" ><div class='avia_textblock  '   itemprop=\"text\" ><p><a title=\"Seen |3 May \u2013 1 July 2018 \u2013 Works\" href=\"http:\/\/weiling-gallery.com\/contemporary\/portfolio-item\/seen-2-may-1-july-works\/\">Heather Dewey-Hagborg<\/a><\/p>\n<\/div><\/section><\/p><\/div>\n<div class='flex_column av-av_one_fourth-61f1f3fb8a14755dafdb04b8bcedc67a av_one_fourth  avia-builder-el-21  el_after_av_one_fourth  el_before_av_one_fourth  flex_column_div column-top-margin'   ><p>\n<style type=\"text\/css\" data-created_by=\"avia_inline_auto\" id=\"style-css-av-av_image-5125e1f93c0d4ac887259b0446caeb77\">\n.avia-image-container.av-av_image-5125e1f93c0d4ac887259b0446caeb77 .av-image-caption-overlay-center{\ncolor:#ffffff;\n}\n<\/style>\n<div  class='avia-image-container av-av_image-5125e1f93c0d4ac887259b0446caeb77 av-styling- avia-align-center  avia-builder-el-22  el_before_av_textblock  avia-builder-el-first  '  itemprop=\"image\" itemscope=\"itemscope\" itemtype=\"https:\/\/schema.org\/ImageObject\" ><div class=\"avia-image-container-inner\"><div class=\"avia-image-overlay-wrap\"><img decoding=\"async\" class='wp-image- avia-img-lazy-loading-not- avia_image' src=\"http:\/\/weiling-gallery.com\/contemporary\/wp-content\/uploads\/2018\/03\/target-2015-m-180x180.jpg\" alt='' title=''   itemprop=\"thumbnailUrl\"  \/><\/div><\/div><\/div><br \/>\n<section class=\"av_textblock_section \"  itemscope=\"itemscope\" itemtype=\"https:\/\/schema.org\/CreativeWork\" ><div class='avia_textblock  '   itemprop=\"text\" ><p><a title=\"H.H. Lim \u2013 Overview\" href=\"http:\/\/weiling-gallery.com\/gallery\/?p=1368\">H.H. Lim<\/a><\/p>\n<\/div><\/section><\/p><\/div>\n<div class='flex_column av-av_one_fourth-2a9015ff38129c418a3f2eafba3e9512 av_one_fourth  avia-builder-el-24  el_after_av_one_fourth  el_before_av_one_fourth  first flex_column_div column-top-margin'   ><p>\n<style type=\"text\/css\" data-created_by=\"avia_inline_auto\" id=\"style-css-av-av_image-da4b1c5c4e133871c2701a9aef2eb6ea\">\n.avia-image-container.av-av_image-da4b1c5c4e133871c2701a9aef2eb6ea .av-image-caption-overlay-center{\ncolor:#ffffff;\n}\n<\/style>\n<div  class='avia-image-container av-av_image-da4b1c5c4e133871c2701a9aef2eb6ea av-styling- avia-align-center  avia-builder-el-25  el_before_av_textblock  avia-builder-el-first  '  itemprop=\"image\" itemscope=\"itemscope\" itemtype=\"https:\/\/schema.org\/ImageObject\" ><div class=\"avia-image-container-inner\"><div class=\"avia-image-overlay-wrap\"><img decoding=\"async\" class='wp-image- avia-img-lazy-loading-not- avia_image' src=\"http:\/\/weiling-gallery.com\/contemporary\/wp-content\/uploads\/2018\/04\/IMG_0802-180x180.jpg\" alt='' title=''   itemprop=\"thumbnailUrl\"  \/><\/div><\/div><\/div><br \/>\n<section class=\"av_textblock_section \"  itemscope=\"itemscope\" itemtype=\"https:\/\/schema.org\/CreativeWork\" ><div class='avia_textblock  '   itemprop=\"text\" ><p><a title=\"Ivan Lam \u2013 Overview\" href=\"http:\/\/weiling-gallery.com\/gallery\/?p=1388\">Ivan Lam<\/a><\/p>\n<\/div><\/section><\/p><\/div>\n<div class='flex_column av-av_one_fourth-61f1f3fb8a14755dafdb04b8bcedc67a av_one_fourth  avia-builder-el-27  el_after_av_one_fourth  el_before_av_one_fourth  flex_column_div column-top-margin'   ><p>\n<style type=\"text\/css\" data-created_by=\"avia_inline_auto\" id=\"style-css-av-av_image-f8af15a12f7f34050088c4517dbd1ba9\">\n.avia-image-container.av-av_image-f8af15a12f7f34050088c4517dbd1ba9 .av-image-caption-overlay-center{\ncolor:#ffffff;\n}\n<\/style>\n<div  class='avia-image-container av-av_image-f8af15a12f7f34050088c4517dbd1ba9 av-styling- avia-align-center  avia-builder-el-28  el_before_av_textblock  avia-builder-el-first  '  itemprop=\"image\" itemscope=\"itemscope\" itemtype=\"https:\/\/schema.org\/ImageObject\" ><div class=\"avia-image-container-inner\"><div class=\"avia-image-overlay-wrap\"><img decoding=\"async\" class='wp-image- avia-img-lazy-loading-not- avia_image' src=\"http:\/\/weiling-gallery.com\/contemporary\/wp-content\/uploads\/2018\/03\/DSC00026_15053175143_o-180x180.jpg\" alt='' title=''   itemprop=\"thumbnailUrl\"  \/><\/div><\/div><\/div><br \/>\n<section class=\"av_textblock_section \"  itemscope=\"itemscope\" itemtype=\"https:\/\/schema.org\/CreativeWork\" ><div class='avia_textblock  '   itemprop=\"text\" ><p><a title=\"Seen |3 May \u2013 1 July 2018 \u2013 Works\" href=\"http:\/\/weiling-gallery.com\/contemporary\/portfolio-item\/seen-2-may-1-july-works\/\">James Bridle<\/a><\/p>\n<\/div><\/section><\/p><\/div>\n<div class='flex_column av-av_one_fourth-61f1f3fb8a14755dafdb04b8bcedc67a av_one_fourth  avia-builder-el-30  el_after_av_one_fourth  el_before_av_one_fourth  flex_column_div column-top-margin'   ><p>\n<style type=\"text\/css\" data-created_by=\"avia_inline_auto\" id=\"style-css-av-av_image-e45fbb4b607f8b63668fdbcfa94cde49\">\n.avia-image-container.av-av_image-e45fbb4b607f8b63668fdbcfa94cde49 .av-image-caption-overlay-center{\ncolor:#ffffff;\n}\n<\/style>\n<div  class='avia-image-container av-av_image-e45fbb4b607f8b63668fdbcfa94cde49 av-styling- avia-align-center  avia-builder-el-31  el_before_av_textblock  avia-builder-el-first  '  itemprop=\"image\" itemscope=\"itemscope\" itemtype=\"https:\/\/schema.org\/ImageObject\" ><div class=\"avia-image-container-inner\"><div class=\"avia-image-overlay-wrap\"><img decoding=\"async\" class='wp-image- avia-img-lazy-loading-not- avia_image' src=\"http:\/\/weiling-gallery.com\/contemporary\/wp-content\/uploads\/2018\/03\/361-180x180.png\" alt='' title=''   itemprop=\"thumbnailUrl\"  \/><\/div><\/div><\/div><br \/>\n<section class=\"av_textblock_section \"  itemscope=\"itemscope\" itemtype=\"https:\/\/schema.org\/CreativeWork\" ><div class='avia_textblock  '   itemprop=\"text\" ><p><a title=\"Seen |3 May \u2013 1 July 2018 \u2013 Works\" href=\"http:\/\/weiling-gallery.com\/contemporary\/portfolio-item\/seen-2-may-1-july-works\/\">Paolo Cirio<\/a><\/p>\n<\/div><\/section><\/p><\/div>\n<div class='flex_column av-av_one_fourth-61f1f3fb8a14755dafdb04b8bcedc67a av_one_fourth  avia-builder-el-33  el_after_av_one_fourth  el_before_av_one_fourth  flex_column_div column-top-margin'   ><p>\n<style type=\"text\/css\" data-created_by=\"avia_inline_auto\" id=\"style-css-av-av_image-78dfe482bbe9054d3c24802d29998dfd\">\n.avia-image-container.av-av_image-78dfe482bbe9054d3c24802d29998dfd .av-image-caption-overlay-center{\ncolor:#ffffff;\n}\n<\/style>\n<div  class='avia-image-container av-av_image-78dfe482bbe9054d3c24802d29998dfd av-styling- avia-align-center  avia-builder-el-34  el_before_av_textblock  avia-builder-el-first  '  itemprop=\"image\" itemscope=\"itemscope\" itemtype=\"https:\/\/schema.org\/ImageObject\" ><div class=\"avia-image-container-inner\"><div class=\"avia-image-overlay-wrap\"><img decoding=\"async\" class='wp-image- avia-img-lazy-loading-not- avia_image' src=\"http:\/\/weiling-gallery.com\/contemporary\/wp-content\/uploads\/2018\/03\/Intruder-2010-180x180.jpg\" alt='' title=''   itemprop=\"thumbnailUrl\"  \/><\/div><\/div><\/div><br \/>\n<section class=\"av_textblock_section \"  itemscope=\"itemscope\" itemtype=\"https:\/\/schema.org\/CreativeWork\" ><div class='avia_textblock  '   itemprop=\"text\" ><p><a title=\"Roger Ballen \u2013 Overview\" href=\"http:\/\/weiling-gallery.com\/contemporary\/artists\/roger-ballen-overview-2\/\">Roger Ballen<\/a><\/p>\n<\/div><\/section><\/p><\/div>\n<div class='flex_column av-av_one_fourth-2a9015ff38129c418a3f2eafba3e9512 av_one_fourth  avia-builder-el-36  el_after_av_one_fourth  el_before_av_textblock  first flex_column_div column-top-margin'   ><p>\n<style type=\"text\/css\" data-created_by=\"avia_inline_auto\" id=\"style-css-av-av_image-2032844a3578c767d80eea9a6fa5cb80\">\n.avia-image-container.av-av_image-2032844a3578c767d80eea9a6fa5cb80 .av-image-caption-overlay-center{\ncolor:#ffffff;\n}\n<\/style>\n<div  class='avia-image-container av-av_image-2032844a3578c767d80eea9a6fa5cb80 av-styling- avia-align-center  avia-builder-el-37  el_before_av_textblock  avia-builder-el-first  '  itemprop=\"image\" itemscope=\"itemscope\" itemtype=\"https:\/\/schema.org\/ImageObject\" ><div class=\"avia-image-container-inner\"><div class=\"avia-image-overlay-wrap\"><img decoding=\"async\" class='wp-image- avia-img-lazy-loading-not- avia_image' src=\"http:\/\/weiling-gallery.com\/contemporary\/wp-content\/uploads\/2018\/03\/body-12_160x125cm-180x180.jpg\" alt='' title=''   itemprop=\"thumbnailUrl\"  \/><\/div><\/div><\/div><br \/>\n<section class=\"av_textblock_section \"  itemscope=\"itemscope\" itemtype=\"https:\/\/schema.org\/CreativeWork\" ><div class='avia_textblock  '   itemprop=\"text\" ><p><a title=\"Seen |3 May \u2013 1 July 2018 \u2013 Works\" href=\"http:\/\/weiling-gallery.com\/contemporary\/portfolio-item\/seen-2-may-1-july-works\/\">Viktoria Binschtok<\/a><\/p>\n<\/div><\/section><\/p><\/div>\n<section class=\"av_textblock_section \"  itemscope=\"itemscope\" itemtype=\"https:\/\/schema.org\/CreativeWork\" ><div class='avia_textblock  '   itemprop=\"text\" ><\/div><\/section>\n","protected":false},"excerpt":{"rendered":"","protected":false},"author":1,"featured_media":0,"parent":0,"menu_order":0,"comment_status":"open","ping_status":"closed","template":"","meta":{"footnotes":""},"class_list":["post-19113","page","type-page","status-publish","hentry"],"_links":{"self":[{"href":"https:\/\/dev08.mm-sb.com\/web04\/wp-json\/wp\/v2\/pages\/19113","targetHints":{"allow":["GET"]}}],"collection":[{"href":"https:\/\/dev08.mm-sb.com\/web04\/wp-json\/wp\/v2\/pages"}],"about":[{"href":"https:\/\/dev08.mm-sb.com\/web04\/wp-json\/wp\/v2\/types\/page"}],"author":[{"embeddable":true,"href":"https:\/\/dev08.mm-sb.com\/web04\/wp-json\/wp\/v2\/users\/1"}],"replies":[{"embeddable":true,"href":"https:\/\/dev08.mm-sb.com\/web04\/wp-json\/wp\/v2\/comments?post=19113"}],"version-history":[{"count":0,"href":"https:\/\/dev08.mm-sb.com\/web04\/wp-json\/wp\/v2\/pages\/19113\/revisions"}],"wp:attachment":[{"href":"https:\/\/dev08.mm-sb.com\/web04\/wp-json\/wp\/v2\/media?parent=19113"}],"curies":[{"name":"wp","href":"https:\/\/api.w.org\/{rel}","templated":true}]}}